{"id":248,"date":"2017-03-06T15:55:19","date_gmt":"2017-03-06T14:55:19","guid":{"rendered":"http:\/\/marktinvest.lu\/wp_CMS\/?page_id=248"},"modified":"2017-04-11T00:36:37","modified_gmt":"2017-04-10T22:36:37","slug":"unternehmen","status":"publish","type":"page","link":"https:\/\/marktinvest.lu\/?page_id=248","title":{"rendered":"UNTERNEHMEN"},"content":{"rendered":"<p><div class=\"fusion-fullwidth fullwidth-box fusion-builder-row-1 nonhundred-percent-fullwidth non-hundred-percent-height-scrolling fusion-equal-height-columns\" style=\"background-color: rgba(255,255,255,0);background-position: center center;background-repeat: no-repeat;padding-top:5%;padding-right:8%;padding-bottom:0px;padding-left:8%;margin-bottom: 0px;margin-top: 0px;border-width: 0px 0px 0px 0px;border-color:#eae9e9;border-style:solid;\" ><div class=\"fusion-builder-row fusion-row\"><div class=\"fusion-layout-column fusion_builder_column fusion-builder-column-0 fusion_builder_column_5_6 5_6 fusion-five-sixth fusion-column-first\" style=\"width:83.333333333333%;width:calc(83.333333333333% - ( ( 4% ) * 0.83333333333333 ) );margin-right: 4%;margin-top:0px;margin-bottom:0px;\"><div class=\"fusion-column-wrapper fusion-flex-column-wrapper-legacy\" style=\"background-position:left top;background-repeat:no-repeat;-webkit-background-size:cover;-moz-background-size:cover;-o-background-size:cover;background-size:cover;padding: 0px 0px 0px 0px;\"><div class=\"fusion-text fusion-text-1\"><h1>MARKTINVEST<br \/>\nINTERNATIONAL S.A.<\/h1>\n<\/div><div class=\"fusion-text fusion-text-2\"><h2>INNOVATIV &#8211; ERFAHREN &#8211; KOMPETENT<\/h2>\n<\/div><div class=\"fusion-text fusion-text-3\"><p>Marktinvest International, gegr\u00fcndet im Jahr 2005, ist ein paneurop\u00e4ischer Immobiliendienstleister mit Sitz in Luxemburg f\u00fcr Investoren und Entwickler. Auf Basis der jeweiligen Anforderungen entwickeln wir mit unseren Kunden st\u00e4ndig innovative und erfolgreiche Ideen, die auf ihre individuellen Gesch\u00e4ftsstrategien abgestimmt sind.<\/p>\n<p>Wir pflegen eine exzellente internationale Vernetzung zu zahlreichen institutionellen und privaten Investoren. Dadurch sind wir jederzeit in der Lage, auf Ihre individuellen Kundenw\u00fcnsche zu reagieren.<\/p>\n<\/div><div class=\"fusion-clearfix\"><\/div><\/div><\/div><\/div><\/div><div class=\"fusion-fullwidth fullwidth-box fusion-builder-row-2 nonhundred-percent-fullwidth non-hundred-percent-height-scrolling fusion-equal-height-columns\" style=\"background-color: rgba(255,255,255,0);background-position: center center;background-repeat: no-repeat;padding-top:3%;padding-right:8%;padding-bottom:0px;padding-left:8%;margin-bottom: 0px;margin-top: 0px;border-width: 0px 0px 0px 0px;border-color:#eae9e9;border-style:solid;\" ><div class=\"fusion-builder-row fusion-row\"><div class=\"fusion-layout-column fusion_builder_column fusion-builder-column-1 fusion_builder_column_1_2 1_2 fusion-one-half fusion-column-first\" style=\"width:50%;width:calc(50% - ( ( 4% ) * 0.5 ) );margin-right: 4%;margin-top:0px;margin-bottom:0px;\"><div class=\"fusion-column-wrapper fusion-flex-column-wrapper-legacy\" style=\"background-position:left top;background-repeat:no-repeat;-webkit-background-size:cover;-moz-background-size:cover;-o-background-size:cover;background-size:cover;padding: 0px 5% 0px 0px;\"><div class=\"fusion-text fusion-text-4\"><h2>WAS UNS AUSZEICHNET:<\/h2>\n<\/div><div class=\"fusion-sep-clear\"><\/div><div class=\"fusion-separator fusion-full-width-sep\" style=\"margin-left: auto;margin-right: auto;width:100%;\"><div class=\"fusion-separator-border sep-single sep-solid\" style=\"border-color:#e0e0e0;border-top-width:1px;\"><\/div><\/div><div class=\"fusion-sep-clear\"><\/div><ul class=\"fusion-checklist fusion-checklist-1\" style=\"font-size:14px;line-height:23.8px;\"><li class=\"fusion-li-item\"><span style=\"height:23.8px;width:23.8px;margin-right:9.8px;\" class=\"icon-wrapper circle-no\"><i class=\"fusion-li-icon fa fa-play\" style=\"color:#b5b5b5;\" aria-hidden=\"true\"><\/i><\/span><div class=\"fusion-li-item-content\" style=\"margin-left:33.6px;\">\n<p>Ausgepr\u00e4gte Beratungskompetenz und fachliche Expertise in der internationalen Immobilienwirtschaft.<\/p>\n<\/div><\/li><li class=\"fusion-li-item\"><span style=\"height:23.8px;width:23.8px;margin-right:9.8px;\" class=\"icon-wrapper circle-no\"><i class=\"fusion-li-icon fa fa-play\" style=\"color:#b5b5b5;\" aria-hidden=\"true\"><\/i><\/span><div class=\"fusion-li-item-content\" style=\"margin-left:33.6px;\">Qualit\u00e4t, Kreativit\u00e4t und Engagement sowie eine schnelle und seri\u00f6se Abwicklung sind die Leitprinzipien unserer Arbeit.<\/div><\/li><li class=\"fusion-li-item\"><span style=\"height:23.8px;width:23.8px;margin-right:9.8px;\" class=\"icon-wrapper circle-no\"><i class=\"fusion-li-icon fa fa-play\" style=\"color:#b5b5b5;\" aria-hidden=\"true\"><\/i><\/span><div class=\"fusion-li-item-content\" style=\"margin-left:33.6px;\">Wir beraten Sie auf hohem Niveau. Grundlage unseres Erfolges ist die Verkn\u00fcpfung von unternehmerischem Denken mit immobilienspezifischem Wissen.<\/div><\/li><li class=\"fusion-li-item\"><span style=\"height:23.8px;width:23.8px;margin-right:9.8px;\" class=\"icon-wrapper circle-no\"><i class=\"fusion-li-icon fa fa-play\" style=\"color:#b5b5b5;\" aria-hidden=\"true\"><\/i><\/span><div class=\"fusion-li-item-content\" style=\"margin-left:33.6px;\">Unser Team besteht aus hochqualifizierten, erfahrenen Beratern mit professionellem Hintergrund in Managementpositionen internationaler Unternehmen.<\/div><\/li><li class=\"fusion-li-item\"><span style=\"height:23.8px;width:23.8px;margin-right:9.8px;\" class=\"icon-wrapper circle-no\"><i class=\"fusion-li-icon fa fa-play\" style=\"color:#b5b5b5;\" aria-hidden=\"true\"><\/i><\/span><div class=\"fusion-li-item-content\" style=\"margin-left:33.6px;\">Wir legen Wert auf eine detaillierte Informationsbeschaffung, ergebnisorientierte Analysen und eine professionelle, pers\u00f6nliche Betreuung \u2013 von der Akquisition eines Objektes bis hin zur \u00dcbergabe an den Endinvestor.<\/div><\/li><\/ul><div class=\"fusion-clearfix\"><\/div><\/div><\/div><div class=\"fusion-layout-column fusion_builder_column fusion-builder-column-2 fusion_builder_column_1_3 1_3 fusion-one-third fusion-column-last\" style=\"width:33.333333333333%;width:calc(33.333333333333% - ( ( 4% ) * 0.33333333333333 ) );margin-top:0px;margin-bottom:0px;\"><div class=\"fusion-column-wrapper fusion-flex-column-wrapper-legacy\" style=\"background-position:left top;background-repeat:no-repeat;-webkit-background-size:cover;-moz-background-size:cover;-o-background-size:cover;background-size:cover;padding: 0px 0px 0px 0px;\"><div class=\"fusion-sep-clear\"><\/div><div class=\"fusion-separator fusion-full-width-sep\" style=\"margin-left: auto;margin-right: auto;margin-top:5%;margin-bottom:5%;width:100%;\"><\/div><div class=\"fusion-sep-clear\"><\/div><div class=\"fusion-image-frame-bottomshadow image-frame-shadow-1\"><style>.fusion-image-frame-bottomshadow.image-frame-shadow-1{display:inline-block}.element-bottomshadow.imageframe-1:before, .element-bottomshadow.imageframe-1:after{-webkit-box-shadow: 0 17px 10px rgba(0,0,0,0.4);box-shadow: 0 17px 10px rgba(0,0,0,0.4);}<\/style><span class=\" fusion-imageframe imageframe-bottomshadow imageframe-1 element-bottomshadow hover-type-none\" style=\"border:10px solid #ffffff;\"><img width=\"340\" height=\"429\" title=\"mi_unternehmen_text\" src=\"https:\/\/marktinvest.lu\/wp-content\/uploads\/2017\/03\/mi_unternehmen_text.jpg\" class=\"img-responsive wp-image-514\" srcset=\"https:\/\/marktinvest.lu\/wp-content\/uploads\/2017\/03\/mi_unternehmen_text-200x252.jpg 200w, https:\/\/marktinvest.lu\/wp-content\/uploads\/2017\/03\/mi_unternehmen_text.jpg 340w\" sizes=\"(max-width: 1230px) 100vw, 340px\" \/><\/span><\/div><div class=\"fusion-clearfix\"><\/div><\/div><\/div><\/div><\/div><\/p>\n","protected":false},"excerpt":{"rendered":"","protected":false},"author":1,"featured_media":0,"parent":0,"menu_order":0,"comment_status":"closed","ping_status":"closed","template":"100-width.php","meta":[],"_links":{"self":[{"href":"https:\/\/marktinvest.lu\/index.php?rest_route=\/wp\/v2\/pages\/248"}],"collection":[{"href":"https:\/\/marktinvest.lu\/index.php?rest_route=\/wp\/v2\/pages"}],"about":[{"href":"https:\/\/marktinvest.lu\/index.php?rest_route=\/wp\/v2\/types\/page"}],"author":[{"embeddable":true,"href":"https:\/\/marktinvest.lu\/index.php?rest_route=\/wp\/v2\/users\/1"}],"replies":[{"embeddable":true,"href":"https:\/\/marktinvest.lu\/index.php?rest_route=%2Fwp%2Fv2%2Fcomments&post=248"}],"version-history":[{"count":16,"href":"https:\/\/marktinvest.lu\/index.php?rest_route=\/wp\/v2\/pages\/248\/revisions"}],"predecessor-version":[{"id":568,"href":"https:\/\/marktinvest.lu\/index.php?rest_route=\/wp\/v2\/pages\/248\/revisions\/568"}],"wp:attachment":[{"href":"https:\/\/marktinvest.lu\/index.php?rest_route=%2Fwp%2Fv2%2Fmedia&parent=248"}],"curies":[{"name":"wp","href":"https:\/\/api.w.org\/{rel}","templated":true}]}}